{"id":2,"date":"2023-05-15T12:04:49","date_gmt":"2023-05-15T12:04:49","guid":{"rendered":"https:\/\/kalkiescorts.com\/?page_id=2"},"modified":"2023-07-03T03:45:27","modified_gmt":"2023-07-03T03:45:27","slug":"sample-page","status":"publish","type":"page","link":"https:\/\/kalkiescorts.com\/","title":{"rendered":"istanbul Escorts Find \u0130n This Web Page"},"content":{"rendered":"\r\n<p class=\"p1\">For Sex, you can find <a href=\"https:\/\/kalkiescorts.com\/\">istanbul escorts<\/a> in this web page.<\/p>\r\n<p class=\"p1\">Seksle alakal\u0131 di\u011fer insanlardan fikir al, seksi yeniliklerle ya\u015famak e\u011flencelidir ne de olsa ama \u00f6zellikle kad\u0131n g\u00fczellik anlay\u0131\u015f\u0131n\u0131 di\u011fer insanlar\u0131n \u015fekillendirmesine asla izin vermemelisin. \u00c7\u00fcnk\u00fc bu durum tamamen seninle alakal\u0131d\u0131r. Sen k\u0131sa boylu, minyon <b>istanbul Escorts<\/b>\u00a0\u00e7ekici buluyor olabilirsin ama bir tan\u0131d\u0131\u011f\u0131n \u015fi\u015fmanlar\u0131 seviyordur. \u0130nsanlar tamamen kendisine \u00f6zel canl\u0131lard\u0131r, bunu sak\u0131n unutma.<\/p>\r\n<h2 class=\"p1\"><b>istanbul Escorts ile Unutulmayanlar Aras\u0131na Girin<\/b><\/h2>\r\n<p><img loading=\"lazy\" decoding=\"async\" class=\"size-full wp-image-10 aligncenter\" src=\"https:\/\/kalkiescorts.com\/wp-content\/uploads\/2023\/05\/istanbul-escorts.webp\" alt=\"istanbul-escorts\" width=\"500\" height=\"750\" srcset=\"https:\/\/kalkiescorts.com\/wp-content\/uploads\/2023\/05\/istanbul-escorts.webp 500w, https:\/\/kalkiescorts.com\/wp-content\/uploads\/2023\/05\/istanbul-escorts-200x300.webp 200w\" sizes=\"auto, (max-width: 500px) 100vw, 500px\" \/><\/p>\r\n<p class=\"p1\">Kimileri i<b>stanbul Escorts<\/b> ile zaman ge\u00e7irmek \u00e7ok pahal\u0131 sans\u0131n\u2026 o i\u015f \u00f6yle de\u011fil. Burada kad\u0131nlar ilanlar\u0131n\u0131 bireysel olarak a\u00e7\u0131yor, g\u00f6r\u00fc\u015fmelerini de kafalar\u0131na g\u00f6re ya\u015f\u0131yorlar. K\u0131sacas\u0131 beyler e\u011fer bu kad\u0131nlardan birisini onu memnun edece\u011finize inand\u0131r\u0131rsan\u0131z o kad\u0131n sizi hem \u00e7ok e\u011flendirir hem de \u00e7ok ucuza e\u011flendirir.<\/p>\r\n<p><a href=\"https:\/\/www.google.com\/search?q=istanbul+escorts+https%3A%2F%2Fkalkiescorts.com\">Google Search<\/a><\/p>\r\n<p class=\"p1\">\u00d6zellikle bu tarz g\u00f6r\u00fc\u015fmeler s\u00f6z konusu oldu\u011funda neden erkekler normalde olduklar\u0131ndan daha bencil ve daha \u00e7ok bedenci olurlar anlamak zor \u00e7\u00fcnk\u00fc birliktelikler her zaman ayn\u0131d\u0131r ve her zaman sadece kar\u015f\u0131l\u0131kl\u0131 e\u011flence \u00fczerine ya\u015fanmal\u0131d\u0131r. Bu ortamda ya\u015fanan bir g\u00f6r\u00fc\u015fmede de siz ne kadar \u00e7ok kad\u0131n\u0131n\u0131z\u0131 memnun ederseniz kad\u0131n\u0131n\u0131z da sizi en az o kadar memnun eder, kanun bunun!<\/p>\r\n<h2 class=\"p1\">Eve Gelen Escorts istanbul Bayan Didem<\/h2>\r\n<p><img loading=\"lazy\" decoding=\"async\" class=\"size-full wp-image-11 aligncenter\" src=\"https:\/\/kalkiescorts.com\/wp-content\/uploads\/2023\/05\/escorts-istanbul.jpeg\" alt=\"escorts-istanbul\" width=\"500\" height=\"750\" srcset=\"https:\/\/kalkiescorts.com\/wp-content\/uploads\/2023\/05\/escorts-istanbul.jpeg 500w, https:\/\/kalkiescorts.com\/wp-content\/uploads\/2023\/05\/escorts-istanbul-200x300.jpeg 200w\" sizes=\"auto, (max-width: 500px) 100vw, 500px\" \/><\/p>\r\n<p class=\"p1\">Merhaba hayat\u0131m Didem ben, 32 ya\u015f\u0131nda ve klasik bir kumral\u0131m. Klasik kumral ne demek? Kestane rengi sa\u00e7lar\u0131 olan ela g\u00f6zl\u00fc kad\u0131nlara klasik kumral denir. \u0130\u015fte ben de tam da bu gibi bir kad\u0131n\u0131m. Ayr\u0131ca 91 61 91 bedendeyim, 173cm boya sahibim ve seksiyim. E\u011fer <b>escorts istanbul<\/b> g\u00fczelli\u011fimi anlamak isterseniz o zaman bana ula\u015f\u0131n.<\/p>\r\n<h2 class=\"p1\"><b>Nas\u0131l Tan\u0131\u015faca\u011f\u0131z?<\/b><\/h2>\r\n<p class=\"p1\">Size a\u015fa\u011f\u0131da <b>istanbul escorts bayan telefon numaras\u0131<\/b> verece\u011fim. Bu numara kesinlikle bana aittir, ben her zaman bana gelen aramalar\u0131 sadece kendim cevapland\u0131r\u0131r\u0131m. Ajanslarla \u00e7al\u0131\u015fmayan, g\u00f6r\u00fc\u015fmelerini bireysel ya\u015fayan bir kad\u0131n\u0131m ve seks gibi sohbete de \u00f6nem veririm. G\u00fczelli\u011fimi anlaman i\u00e7in beni arad\u0131\u011f\u0131n zaman sana ilk olarak resimlerimi g\u00f6nderirim. Sonra da seni g\u00f6rmek isterim. Birlikte olaca\u011f\u0131m erkekleri be\u011fenmek istemem hakk\u0131md\u0131r. \u00dcstelik ben sadece be\u011fendi\u011fim erkeklerle ve \u00e7ok ucuza zaman ge\u00e7iririm.<\/p>\r\n<h3 class=\"p1\"><b>Sekste Size Neler Arma\u011fan Edebilirim?<\/b><\/h3>\r\n<p class=\"p1\">Ben seks s\u0131ras\u0131nda analla, oralla sizi e\u011flendirebilirim. <b>istanbul escorts bayan<\/b> iken \u00f6zellikle \u00e7\u0131lg\u0131n sekslerde e\u011flendiririm sizi. Hani kondomsuz bir sekse asla evet demem ama hayat\u0131m ben kondomla oral seks yapmaya da kar\u015f\u0131y\u0131m. \u00dcstelik yalamak konusunda ger\u00e7ekten iyiyim.<\/p>\r\n<h3 class=\"p1\"><b>Bence Ben Tan\u0131maya De\u011fer Bir Kad\u0131n\u0131m!<\/b><\/h3>\r\n<p class=\"p1\">Bak\u0131ml\u0131y\u0131m, seksi ve g\u00fczel bir kad\u0131n\u0131m. \u00dcstelik<b>\u00a0escort bayan<\/b> olmak benim tercihim. Ben sadece ger\u00e7ekten \u00e7ok ilgimi \u00e7eken erkeklerle zaman ge\u00e7iririm. \u00dcstelik g\u00f6r\u00fc\u015fmelerim hem \u00e7ok ucuz hem de \u00e7ok e\u011flencelidir. Hatta hayat\u0131m e\u011fer sizinle birliktelik ya\u015famaktan kar\u015f\u0131l\u0131kl\u0131 memnun kal\u0131rsak bu durumda sevgili tad\u0131nda ve \u00e7ok uzun s\u00fcreli bir \u015feyler ya\u015fayabiliriz ki ben bu durumda sizlerden \u00f6deme, vs. de almam, neden olmas\u0131n?<\/p>\r\n","protected":false},"excerpt":{"rendered":"<p>For Sex, you can find istanbul escorts in this web page. Seksle alakal\u0131 di\u011fer insanlardan fikir al, seksi yeniliklerle ya\u015famak e\u011flencelidir ne de olsa ama&#8230;<\/p>\n<div class=\"more-link-wrapper\"><a class=\"more-link\" href=\"https:\/\/kalkiescorts.com\/\">Devam\u0131n\u0131 okuyun<span class=\"screen-reader-text\">istanbul Escorts Find \u0130n This Web Page<\/span><\/a><\/div>\n","protected":false},"author":1,"featured_media":0,"parent":0,"menu_order":0,"comment_status":"closed","ping_status":"open","template":"","meta":{"footnotes":""},"class_list":["post-2","page","type-page","status-publish","hentry","entry"],"aioseo_notices":[],"_links":{"self":[{"href":"https:\/\/kalkiescorts.com\/index.php?rest_route=\/wp\/v2\/pages\/2","targetHints":{"allow":["GET"]}}],"collection":[{"href":"https:\/\/kalkiescorts.com\/index.php?rest_route=\/wp\/v2\/pages"}],"about":[{"href":"https:\/\/kalkiescorts.com\/index.php?rest_route=\/wp\/v2\/types\/page"}],"author":[{"embeddable":true,"href":"https:\/\/kalkiescorts.com\/index.php?rest_route=\/wp\/v2\/users\/1"}],"replies":[{"embeddable":true,"href":"https:\/\/kalkiescorts.com\/index.php?rest_route=%2Fwp%2Fv2%2Fcomments&post=2"}],"version-history":[{"count":5,"href":"https:\/\/kalkiescorts.com\/index.php?rest_route=\/wp\/v2\/pages\/2\/revisions"}],"predecessor-version":[{"id":17,"href":"https:\/\/kalkiescorts.com\/index.php?rest_route=\/wp\/v2\/pages\/2\/revisions\/17"}],"wp:attachment":[{"href":"https:\/\/kalkiescorts.com\/index.php?rest_route=%2Fwp%2Fv2%2Fmedia&parent=2"}],"curies":[{"name":"wp","href":"https:\/\/api.w.org\/{rel}","templated":true}]}}